{"id":3748,"date":"2023-04-11T17:07:36","date_gmt":"2023-04-11T15:07:36","guid":{"rendered":"https:\/\/ambberna.esteri.it\/chi-siamo\/"},"modified":"2023-11-21T14:22:51","modified_gmt":"2023-11-21T12:22:51","slug":"chi-siamo","status":"publish","type":"page","link":"https:\/\/ambberna.esteri.it\/fr\/chi-siamo\/","title":{"rendered":"Qui sommes-nous"},"content":{"rendered":"<p>L&rsquo;Ambassade d&rsquo;Italie \u00e0 Berne a ses bureaux dans deux b\u00e2timents diff\u00e9rents, les bureaux de la <strong>Chancellerie diplomatique<\/strong> se trouvent \u00e0 Elfenstrasse 14 3006 Berne et ceux de la <strong>Chancellerie consulaire<\/strong> se trouvent \u00e0 Willadingweg 23 3006 Berne.<\/p>\n<p>&nbsp;<\/p>\n<p><img decoding=\"async\" src=\"https:\/\/ambberna.esteri.it\/wp-content\/uploads\/2023\/09\/emb-cons.png\" alt=\"emb cons\" width=\"100%\" \/><\/p>\n","protected":false},"excerpt":{"rendered":"L&rsquo;Ambassade d&rsquo;Italie \u00e0 Berne a ses bureaux dans deux b\u00e2timents diff\u00e9rents, les bureaux de la Chancellerie diplomatique se trouvent \u00e0 Elfenstrasse 14 3006 Berne et ceux de la Chancellerie consulaire se trouvent \u00e0 Willadingweg 23 3006 Berne. &nbsp;","protected":false},"author":1,"featured_media":0,"parent":0,"menu_order":2,"comment_status":"closed","ping_status":"closed","template":"","meta":{"footnotes":""},"class_list":["post-3748","page","type-page","status-publish","hentry"],"_links":{"self":[{"href":"https:\/\/ambberna.esteri.it\/fr\/wp-json\/wp\/v2\/pages\/3748","targetHints":{"allow":["GET"]}}],"collection":[{"href":"https:\/\/ambberna.esteri.it\/fr\/wp-json\/wp\/v2\/pages"}],"about":[{"href":"https:\/\/ambberna.esteri.it\/fr\/wp-json\/wp\/v2\/types\/page"}],"author":[{"embeddable":true,"href":"https:\/\/ambberna.esteri.it\/fr\/wp-json\/wp\/v2\/users\/1"}],"replies":[{"embeddable":true,"href":"https:\/\/ambberna.esteri.it\/fr\/wp-json\/wp\/v2\/comments?post=3748"}],"version-history":[{"count":2,"href":"https:\/\/ambberna.esteri.it\/fr\/wp-json\/wp\/v2\/pages\/3748\/revisions"}],"predecessor-version":[{"id":3860,"href":"https:\/\/ambberna.esteri.it\/fr\/wp-json\/wp\/v2\/pages\/3748\/revisions\/3860"}],"wp:attachment":[{"href":"https:\/\/ambberna.esteri.it\/fr\/wp-json\/wp\/v2\/media?parent=3748"}],"curies":[{"name":"wp","href":"https:\/\/api.w.org\/{rel}","templated":true}]}}

<p>L&rsquo;Ambassade d&rsquo;Italie à Berne a ses bureaux dans deux bâtiments différents, les bureaux de la <strong>Chancellerie diplomatique</strong> se trouvent à Elfenstrasse 14 3006 Berne et ceux de la <strong>Chancellerie consulaire</strong> se trouvent à Willadingweg 23 3006 Berne.</p>
<p>&nbsp;</p>
<p><img decoding="async" src="https://ambberna.esteri.it/wp-content/uploads/2023/09/emb-cons.png" alt="emb cons" width="100%" /></p>

L&rsquo;Ambassade d&rsquo;Italie à Berne a ses bureaux dans deux bâtiments différents, les bureaux de la Chancellerie diplomatique se trouvent à Elfenstrasse 14 3006 Berne et ceux de la Chancellerie consulaire se trouvent à Willadingweg 23 3006 Berne. &nbsp;
